hen r(-4) is divided by x?
18
Let i(n) = -3*n**2 + 3*n - n**3 + 4*n**3 - 2*n**3 + n**3. Calculate the remainder when 19 is divided by i(2).
9
Let p(l) = 24*l + 5. Let q be p(2). Let b = q - 28. Calculate the remainder when 99 is divided by b.
24
Let d be (3 - 2)/(2/(-6)). Let z be 3 + d + 65 + 3. Suppose b + z = 5*b. What is the remainder when 66 is divided by b?
15
Calculate the remainder when 242 is divided by 7*(-3)/(-35) - 344/(-10).
32
Suppose -l = -4*l + 9. Suppose 9 - 40 = -q - 3*h, 0 = -4*q + 2*h + 166. Let r = 45 - q. What is the remainder when r is divided by l?
2
Let t(v) = -v**2 + 10*v + 9. Calculate the remainder when 36 is divided by t(10).
0
Suppose -3*h - 2*g = -g - 130, -3*h + 132 = 3*g. What is the remainder when 256 is divided by h?
41
Suppose -11 = -2*z + a, 2*z + 3*a - 1 = -10. Suppose o = 5*o - i - 1261, z*o + 3*i - 957 = 0. What is the remainder when o is divided by 29?
26
Suppose -57 - 114 = -h. Let l = -96 + h. Calculate the remainder when l is divided by 11.
9
Suppose 4*x = -0*x + 16. Let a = -4 + 7. Calculate the remainder when (-3)/(-1 + x)*-5 is divided by a.
2
Let x = -448 - -457. Calculate the remainder when 17 is divided by x.
8
Suppose 3*n = n + 3*n. Suppose -2*a + 10*a - 432 = n. Suppose -34 = -p - 4*m, -m - 39 = -3*p - 2. Calculate the remainder when a is divided by p.
12
Let i = -84 - -18. Let o be (-485)/(-5)*1*1. Let d = o + i. What is the remainder when d is divided by 16?
15
Let t(x) = 5*x + 3. Let k(l) = 11*l + 6. Let b(r) = 6*k(r) - 13*t(r). Let j be b(-7). Calculate the remainder when ((-4)/j)/(5/350) is divided by 10.
8
Suppose 5*s - 10*z - 48 = -9*z, 4*s + 5*z = 21. What is the remainder when 296 is divided by s?
8
Let u(b) = b**3 - 7*b**2 - 15*b + 27. Calculate the remainder when u(10) is divided by 18.
15
Suppose q = -18*q + 513. What is the remainder when 215 is divided by q?
26
Let q(a) = -22*a. Let y be q(-1). Suppose -24 = -c - y. What is the remainder when (-1)/c*174/(-3) is divided by 8?
5
Suppose -o + 8 + 0 = 0. Let s be (o/12)/((-2)/(-309)). Suppose -3*n + 136 = 4*b, 3*b + 2*n = -1 + s. Calculate the remainder when b is divided by 9.
7
Suppose 27*r - 22*r - 60 = 0. Calculate the remainder when -2 + 1 - 68/(-2) is divided by r.
9
Let u(j) = j**3 - 9*j**2 - 4*j - 19. Suppose 11*t - 70 = 4*t. Calculate the remainder when u(t) is divided by 11.
8
Let p = 240 + -213. Calculate the remainder when p is divided by 1*(8*1 - 2).
3
Calculate the remainder when 1/(-5) + (-154110)/(-550) is divided by 26.
20
Suppose 10*o - 15*o + l = -467, -2*o = -4*l - 176. What is the remainder when 94 is divided by o?
0
Suppose 0 = 48*i + 8*i - 32760. Calculate the remainder when i is divided by 42.
39
Let q = 110 + -3. Let f(y) = 24*y - 390. What is the remainder when q is divided by f(17)?
17
Let r(d) = -d**2 + 40*d - 46. Calculate the remainder when r(26) is divided by 108.
102
Suppose -12 = 2*r - 64. Let z = -21 - -25. Suppose z*t = 2 + 26. Calculate the remainder when r is divided by t.
5
Let k = 28 + -38. Calculate the remainder when 34 is divided by k/3*9/(-6).
4
Let x be (-11 + 2)/(-2 - -1). Let l be (x/3)/((-2)/(-24)). Suppose -5*b + l = b. What is the remainder when b is divided by 3?
0
Suppose 0 = -5*c - 5*r + 65, c - 4*r + 2*r - 28 = 0. Suppose -5*j + c = z, z + 3 = 5*j - 3*z. What is the remainder when -2 + (60/j - 0) is divided by 10?
8
Let c(k) = -k**3 + 4*k**2 + k - 4. Let g be c(4). Calculate the remainder when g + 3 + -4 - (-140)/2 is divided by 8.
5
Let j be (-1 - 2)*1 - -76. Let g = j + -28. Let l = -640 + 656. What is the remainder when g is divided by l?
13
Let f(d) = 460*d**2 + d + 3. What is the remainder when f(-1) is divided by 38?
6
Suppose -29 = -5*z + 4*c + 215, -2*z + 3*c = -92. Calculate the remainder when 623 is divided by z.
51
Let t(a) = 23*a - 80. Calculate the remainder when t(5) is divided by 18.
17
Suppose -2*j = -2*l - 18, 5*j - 4*l + 9*l - 35 = 0. Suppose -j = 2*p, -s = 2*s - 2*p - 74. What is the remainder when s is divided by 10?
2
Calculate the remainder when 65 is divided by 42/3*1/(5/10).
9
Let h(d) = d**2 - 28*d + 90. Calculate the remainder when h(25) is divided by 2.
1
Suppose 0 = 5*p + 15, 0 = -0*n - n - p - 21. Let g = 49 - 33. What is the remainder when (-825)/n + 4/24 is divided by g?
14
Suppose -5*r - 4*h + 2760 = h, 0 = -2*r + 3*h + 1129. What is the remainder when r is divided by 28?
25
Suppose a + 31 + 29 = 0. Let l = 88 + a. Let d = l - 21. What is the remainder when 25 is divided by d?
4
Let a(s) = -2*s**2 + 38*s + 132. Calculate the remainder when a(21) is divided by (-54)/36*(-32)/3.
0
Suppose 143*q - 144*q = 2*a - 111, 0 = -5*a - 2*q + 281. Suppose 0 = 5*p - 5*m - 25, -2*p + 0*p = -5*m + 5. What is the remainder when a is divided by p?
9
Let u = -1 - -5. Suppose -y + u = 0, -4*j - y = -64 - 0. What is the remainder when (-1 - -2)/((-1)/(-74)) is divided by j?
14
Let l(x) = x**3 + 9*x**2 - 8*x + 14. Suppose 4*h + 51 = 15. Calculate the remainder when l(h) is divided by 22.
20
Suppose 3*j + 0*j - 546 = 0. Suppose -r = 3*d - 25 - 24, -2*d - j = -4*r. Calculate the remainder when 182 is divided by r.
44
Let g(l) = -7*l**2 - 1. Let t be g(-1). Let b(m) = 21*m - 7*m - 8*m + 7 - 9*m. Calculate the remainder when b(t) is divided by 17.
14
Let p be 1/(-3 + 13/4). Suppose t = -t + p. Suppose -2*c = 5*k - 10*k + 13, 4*k - 10 = t*c. What is the remainder when 2 is divided by c?
0
Suppose -5*j - q + 27 - 4 = 0, -4*j + 4*q = -4. What is the remainder when j is divided by 1?
0
Let s = 51 - 47. Suppose -2*a - a = -5*t - 237, -345 = -s*a - 3*t. What is the remainder when a is divided by 29?
26
Suppose k - 7 = -0*k. Suppose -3*p + 8 = -k*p. What is the remainder when (p - -48)*(1 + 0) is divided by 16?
14
Let a = 3 - 3. Let w = -8 - a. Calculate the remainder when (w - 2)*(-3 + 0) is divided by 16.
14
Suppose -7 = -4*r + 9. Suppose 0 = -r*q + 3*d - 25 + 118, 2*q - 3*d - 51 = 0. Calculate the remainder when (9/(-18))/(-3*4/1992) is divided by q.
20
Suppose 0*q = -5*s + 3*q + 415, 0 = -5*q. What is the remainder when s is divided by 17?
15
Let b be 3/4*(-13 - -9). What is the remainder when (-72)/(-16)*((-1 - b) + 0) is divided by 7?
2
Suppose 13*q = 8*q - 345. Let a = q - -138. Calculate the remainder when a is divided by 24.
21
Let q = 716 + -697. Let o(y) = -y + 36. What is the remainder when o(0) is divided by q?
17
Suppose 0 = -0*i + 2*i - 4. Suppose -i*a = -a + 6. Let d(m) = m**3 + 7*m**2 + 4*m - 4. Calculate the remainder when 15 is divided by d(a).
7
Suppose 0 = -3*b - 11 - 1. Let y be 6/(-8)*b + 1. Suppose 0 = -2*i - v + 138, -y*i - 3*v = v - 284. What is the remainder when i is divided by 17?
16
Suppose 0 = 235*h - 189*h - 13984. Calculate the remainder when h is divided by 27.
7
Let r(c) = 2*c**2 + 3*c - 9. Suppose -462 = -0*z - 11*z. Calculate the remainder when z is divided by r(-4).
9
Suppose -2*a = j - 17, -4*j - 16*a + 21*a = -16. Let o(p) = 3*p + 5. Calculate the remainder when o(4) is divided by j.
8
Let p(h) = 13*h - 1. Let q be 0 + 2 + -4 + 14. What is the remainder when p(2) is divided by (8/q)/((-3)/(-63))?
11
Let l(g) = -g**2 - 15*g + 36. Calculate the remainder when 177 is divided by l(-16).
17
Let f(r) = 13 - 6*r + 0*r - 14 + 5*r. Let j be f(0). Calculate the remainder when 118/((-1 - 1)*j) is divided by 15.
14
Let w = 539 - 470. What is the remainder when 135 is divided by w?
66
Let b(g) = 5*g - 10. Suppose 3*k - u + 43 = u, 58 = -4*k + 3*u. Let i = k + 17. What is the remainder when 38 is divided by b(i)?
8
Let d(v) = v**2 - 7*v - 35. What is the remainder when d(-8) is divided by 44?
41
Let v(s) = 2*s - 42. What is the remainder when 17 is divided by v(26)?
7
Let v(d) = d - 15. Let y be v(14). Let h be y/3 + 21/9. Suppose -h*a - 5*q = -11, -2*a = 2*a - q - 55. Calculate the remainder when a is divided by 8.
5
Let b(v) = v**3 + 25*v**2 - 22*v + 147. What is the remainder when b(-26) is divided by 3/(-9) - 140/(-6)?
20
Let m(x) = -11*x**3 + 4*x**3 + 8*x**3 + 4*x**2 + 3*x + 2*x**2 - 6. Let r(o) = 5*o + 2. Calculate the remainder when r(5) is divided by m(-4).
13
Let x = 1189 + -658. What is the remainder when x is divided by 41?
39
Let o = 75 + -137. Let x = -19 - o. What is the remainder when x is divided by 15?
13
Let u(z) = -4*z. Let i(r) = 1.